actor of 86 and 555910?
2
Calculate the greatest common factor of 2494 and 63007169.
1247
Calculate the highest common factor of 260 and 535145.
65
What is the greatest common divisor of 7191 and 880322220?
7191
What is the greatest common factor of 33485 and 110413439?
6697
What is the highest common factor of 15237 and 212031?
9
Calculate the highest common factor of 1289084496 and 5152.
2576
What is the greatest common factor of 1380976 and 1?
1
What is the greatest common factor of 63207 and 183492?
27
What is the highest common factor of 756 and 93805452?
108
Calculate the greatest common divisor of 1005914 and 364.
182
What is the highest common factor of 570540 and 5525500?
5140
Calculate the highest common factor of 243 and 2677410.
9
Calculate the greatest common factor of 9255 and 49425.
15
What is the highest common divisor of 90408 and 22168?
8
Calculate the highest common factor of 10667394 and 1962.
1962
Calculate the highest common divisor of 15446087 and 12075.
23
Calculate the highest common divisor of 1641516 and 36.
12
Calculate the highest common factor of 4243803 and 20969.
1613
What is the highest common divisor of 3010 and 53692380?
3010
Calculate the greatest common divisor of 68224 and 1217905.
533
Calculate the greatest common factor of 1222 and 3657211.
47
Calculate the greatest common divisor of 369504590 and 6958.
6958
Calculate the greatest common factor of 944584655 and 15910.
7955
Calculate the greatest common divisor of 72852 and 55692.
156
What is the greatest common divisor of 124 and 13002919?
31
What is the highest common factor of 222848 and 3624?
8
What is the greatest common divisor of 2165886995 and 86?
43
What is the highest common factor of 196 and 134243921?
7
Calculate the greatest common divisor of 13500 and 75660.
60
What is the greatest common factor of 3 and 2839610?
1
Calculate the highest common divisor of 1196 and 3119628.
92
Calculate the greatest common factor of 52144 and 29034431.
3259
Calculate the highest common divisor of 248 and 371237896.
248
Calculate the greatest common divisor of 23212 and 6.
2
Calculate the greatest common factor of 759 and 1682362.
11
What is the highest common divisor of 123602 and 66010?
46
Calculate the highest common divisor of 34420020 and 114.
114
What is the greatest common factor of 1020 and 1536180?
60
Calculate the greatest common divisor of 376326 and 23414.
46
What is the greatest common factor of 9733568 and 1664?
832
What is the greatest common factor of 12681 and 15996377?
1409
What is the highest common factor of 522993954 and 14?
14
What is the highest common divisor of 269587 and 18034?
71
Calculate the greatest common divisor of 28 and 36989582.
14
What is the highest common divisor of 7116 and 529740?
12
What is the highest common factor of 10132 and 3551368?
68
Calculate the highest common divisor of 570 and 4321360.
190
What is the highest common divisor of 842184 and 994?
14
What is the highest common divisor of 1865947454 and 22988?
11494
Calculate the highest common divisor of 47 and 48233844.
47
What is the greatest common factor of 756 and 40159728?
252
Calculate the greatest common divisor of 80784 and 74426.
374
What is the highest common divisor of 20895 and 10354965?
2985
Calculate the highest common factor of 313580 and 7220.
20
Calculate the greatest common divisor of 451371 and 1032.
129
Calculate the highest common divisor of 39786136 and 552.
184
Calculate the greatest common factor of 891 and 4720397.
11
Calculate the greatest common divisor of 657241 and 610573.
3889
What is the highest common divisor of 490 and 70528150?
490
Calculate the highest common divisor of 4 and 3361832.
4
Calculate the highest common factor of 956162 and 538302.
2458
What is the greatest common factor of 413 and 17211952?
59
What is the greatest common divisor of 57933 and 33333?
123
Calculate the highest common divisor of 2260 and 53726980.
2260
What is the greatest common factor of 6159 and 182485011?
6159
What is the highest common factor of 437886 and 111724?
1802
Calculate the highest common factor of 27602022 and 7182.
798
What is the greatest common factor of 13846 and 6315386?
322
What is the highest common factor of 2074 and 170627980?
2074
Calculate the highest common factor of 17064 and 9934566.
474
What is the greatest common factor of 24 and 7411248?
24
Calculate the greatest common factor of 51837884 and 49.
49
Calculate the greatest common divisor of 39445 and 68985.
35
Calculate the greatest common factor of 66189447 and 108.
27
Calculate the greatest common divisor of 17112 and 9162546.
186
What is the highest common divisor of 1372 and 7914648?
28
What is the greatest common factor of 1357 and 15080341?
1357
What is the greatest common factor of 451 and 9679157?
41
Calculate the greatest common divisor of 23490 and 652797.
9
What is the greatest common factor of 192655632 and 1040?
208
What is the highest common divisor of 4402328 and 4572?
508
What is the greatest common divisor of 1361643162 and 66?
66
What is the highest common divisor of 120010889 and 124?
31
What is the greatest common divisor of 4359474 and 85386?
798
Calculate the greatest common factor of 570 and 91635690.
30
Calculate the highest common factor of 13169 and 1619683.
13
Calculate the highest common factor of 1821 and 17417258.
607
What is the highest common factor of 1915880 and 280?
40
What is the greatest common factor of 5355000 and 144?
72
Calculate the greatest common divisor of 4894626 and 7953.
33
What is the highest common factor of 63170012 and 3280?
164
What is the highest common divisor of 17710992 and 14976?
1872
What is the greatest common factor of 82049 and 3003?
11
Calculate the greatest common factor of 759 and 943075716.
759
What is the greatest common factor of 186 and 283752827?
31
Calculate the greatest common factor of 66 and 31656878.
22
Calculate the highest common factor of 638864 and 16176.
16
What is the highest common divisor of 802776 and 191053?
31
Calculate the greatest common factor of 432340600 and 20.
20
What is the greatest common factor of 48 and 24747612?
12
What is the highest common divisor of 10 and 235127880?
10
Calculate the highest common divisor of 5290479 and 9.
9
What is the greatest common factor of 3153910 and 757846?
4538
What is the highest common factor of 1064 and 33199726?
266
What is the highest common divisor of 25276 and 2277154?
178
What is the greatest common divisor of 3308208 and 992?
16
Calculate the highest common factor of 225530 and 2814377.
1187
Calculate the highest common divisor of 53350755 and 45.
15
What is the highest common divisor of 14680 and 79850392?
2936
What is the greatest common factor of 201726360 and 720?
360
What is the greatest common divisor of 31230392 and 1984?
248
What is the highest common factor of 3746478 and 1645160?
7478
Calculate the highest common divisor of 11236 and 222600.
212
What is the highest common factor of 3026286666 and 26?
26
Calculate the highest common divisor of 4278924 and 195.
39
Calculate the greatest common factor of 1319414859 and 2781.
2781
Calculate the highest common divisor of 10439 and 27755.
13
Calculate the greatest common factor of 236 and 4554564.
236
Calculate the highest common factor of 228 and 196251.
57
What is the highest common divisor of 3475308 and 2556?
852
Calculate the greatest common factor of 142044672 and 33.
33
Calculate the highest common divisor of 18342 and 1440288.
18
Calculate the highest common factor of 787569864 and 1656.
552
What is the greatest common factor of 324532 and 19619808?
4108
Calculate the greatest common divisor of 2173277495 and 547.
547
What is the greatest common factor of 29735 and 282245?
95
Calculate the highest common factor of 39876 and 31524.
12
Calculate the highest common divisor of 3051327 and 86943.
219
What is the greatest common factor of 8302360 and 24464?
88
What is the highest common divisor of 2975434 and 2849?
77
What is the greatest common divisor of 714 and 97206?
102
Calculate the greatest common divisor of 91635 and 1615011.
447
What is the greatest common factor of 22364 and 297916435?
5591
What is the highest common factor of 108999 and 1589247?
297
Calculate the grea